{"id":411,"date":"2023-02-13T21:10:00","date_gmt":"2023-02-13T21:10:00","guid":{"rendered":"https:\/\/ficcionclimatica.com\/?page_id=411"},"modified":"2024-06-16T20:23:58","modified_gmt":"2024-06-16T20:23:58","slug":"proyecto-educativo","status":"publish","type":"page","link":"https:\/\/ficcionclimatica.com\/?page_id=411","title":{"rendered":"Proyecto educativo"},"content":{"rendered":"\t\t<div data-elementor-type=\"wp-page\" data-elementor-id=\"411\" class=\"elementor elementor-411\" data-elementor-settings=\"[]\">\n\t\t\t\t\t\t\t<div class=\"elementor-section-wrap\">\n\t\t\t\t\t\t\t<section class=\"elementor-section elementor-top-section elementor-element elementor-element-b6067d4 elementor-section-boxed elementor-section-height-default elementor-section-height-default\" data-id=\"b6067d4\" data-element_type=\"section\">\n\t\t\t\t\t\t<div class=\"elementor-container elementor-column-gap-default\">\n\t\t\t\t\t<div class=\"elementor-column elementor-col-100 elementor-top-column elementor-element elementor-element-e534d05\" data-id=\"e534d05\" data-element_type=\"column\">\n\t\t\t<div class=\"elementor-widget-wrap elementor-element-populated\">\n\t\t\t\t\t\t\t\t<div class=\"elementor-element elementor-element-2e6532f elementor-widget elementor-widget-text-editor\" data-id=\"2e6532f\" data-element_type=\"widget\" data-widget_type=\"text-editor.default\">\n\t\t\t\t<div class=\"elementor-widget-container\">\n\t\t\t<style>\/*! elementor - v3.5.4 - 23-01-2022 *\/\n.elementor-widget-text-editor.elementor-drop-cap-view-stacked .elementor-drop-cap{background-color:#818a91;color:#fff}.elementor-widget-text-editor.elementor-drop-cap-view-framed .elementor-drop-cap{color:#818a91;border:3px solid;background-color:transparent}.elementor-widget-text-editor:not(.elementor-drop-cap-view-default) .elementor-drop-cap{margin-top:8px}.elementor-widget-text-editor:not(.elementor-drop-cap-view-default) .elementor-drop-cap-letter{width:1em;height:1em}.elementor-widget-text-editor .elementor-drop-cap{float:left;text-align:center;line-height:1;font-size:50px}.elementor-widget-text-editor .elementor-drop-cap-letter{display:inline-block}<\/style>\t\t\t\t<p><!-- wp:paragraph --><\/p>\n<p><style>\na.elmenu:link {<br \/>\tcolor: #00ccff;<br \/>}<\/p>\n<p>a.elmenu:visited {<br \/>\tcolor: #00ccff;<br \/>}<\/p>\n<p>a.elmenu:hover {<br \/>\tcolor: #ffffff;<br \/>}<\/p>\n<p>a.elmenu:active {<br \/>  background-color: #cccccc;<br \/>}<br \/><\/style><\/p>\n<p>\u00a0<\/p>\n<center>\n<p><a href=\"https:\/\/ficcionclimatica.com\/?page_id=269\"><img loading=\"lazy\" decoding=\"async\" src=\"https:\/\/ficcionclimatica.com\/wp-content\/uploads\/2023\/02\/Logo-winterb-blanco-peq-1.png\" alt=\"logo winter bicycle, the film\" width=\"816\" height=\"333\" \/><\/a><\/p>\n<div style=\"color: #00ccff;\"><a href=\"https:\/\/ficcionclimatica.com\/?page_id=311\">LA PEL\u00cdCULA<\/a> |\u00a0 <a href=\"https:\/\/ficcionclimatica.com\/?page_id=358\">NOVELA GR\u00c1FICA<\/a>\u00a0 |\u00a0 <a href=\"https:\/\/ficcionclimatica.com\/?page_id=424\">VIDEOJUEGO<\/a>\u00a0 |\u00a0 \u00a0<a href=\"https:\/\/ficcionclimatica.com\/?page_id=411\">PROYECTO EDUCATIVO<\/a>\u00a0 |\u00a0 <a href=\"https:\/\/ficcionclimatica.com\/?page_id=414\">ANTICIPACI\u00d3N CLIM\u00c1TICA<\/a> |\u00a0 <a href=\"https:\/\/ficcionclimatica.com\/?page_id=418\">CONTACTAR<\/a>\u00a0<\/div>\n<hr \/>\n<h3>\u00a0<\/h3>\n<h2 style=\"width: 80%; text-align: justify;\"><span style=\"color: #ffcc00;\">Un proyecto educativo para sensibilizar sobre el cambio clim\u00e1tico de una forma creativa y proactiva<\/span><\/h2>\n<h4>\u00a0<\/h4>\n<div style=\"width: 70%;\">\n<h4><strong>El proyecto Winter Bicycle incluye recursos variados para la sensibilizaci\u00f3n sobre el cambio clim\u00e1tico utilizando la ficci\u00f3n como herramienta de trabajo. Un ejemplo de ello son los talleres que estamos realizando. Las siguientes diapositivas, en formato PDF y de libre descarga, presentan el desarrollo de distintos talleres que permiten trabajar la ficci\u00f3n clim\u00e1tica en distintos niveles formativos: Educaci\u00f3n Secundaria, Educaci\u00f3n Universitaria y educaci\u00f3n No Formal.<\/strong><\/h4>\n<\/div>\n<p>\u00a0<\/p>\n<\/center><center>\n<div style=\"width: 70%;\"><center style=\"color: yellow;\">\n<h2>a) TALLER DE FICCI\u00d3N CLIM\u00c1TICA: CREANDO EL GUI\u00d3N DE UNA PEL\u00cdCULA Y SU CARTEL<\/h2>\n<p>\u00a0<\/p>\n<div><a href=\"https:\/\/ficcionclimatica.com\/wp-content\/uploads\/2024\/05\/GUIA-Taller-Poster-Cinematografico-Cli-Fi.pdf\"><img loading=\"lazy\" decoding=\"async\" src=\"https:\/\/ficcionclimatica.com\/wp-content\/uploads\/2023\/02\/logo_png-150x150.png\" alt=\"\" width=\"150\" height=\"150\" \/><\/a>\u00a0 \u00a0 Gu\u00eda para el Taller de Ficci\u00f3n Clim\u00e1tica<\/div>\n<p>\u00a0<\/p>\n<div><a href=\"https:\/\/ficcionclimatica.com\/wp-content\/uploads\/2024\/05\/Instrucciones-App-Poster-Cinematografico-Cli-Fi.pdf\"><img loading=\"lazy\" decoding=\"async\" src=\"https:\/\/ficcionclimatica.com\/wp-content\/uploads\/2023\/02\/logo_png-150x150.png\" alt=\"\" width=\"150\" height=\"150\" \/><\/a>\u00a0 \u00a0 Gu\u00eda para usar la app Poster Generator<\/div>\n<p>\u00a0<\/p>\n<div><a href=\"https:\/\/ficcionclimatica.com\/wp-content\/uploads\/2024\/05\/Ejemplo-de-FICHA-DE-LA-PELICULA-1.pdf\"><img loading=\"lazy\" decoding=\"async\" src=\"https:\/\/ficcionclimatica.com\/wp-content\/uploads\/2023\/02\/logo_png-150x150.png\" alt=\"\" width=\"150\" height=\"150\" \/><\/a>\u00a0 \u00a0 Ficha para el Gui\u00f3n de una pel\u00edcula<\/div>\n<p>\u00a0<\/p>\n<div><a href=\"https:\/\/ficcionclimatica.com\/wp-content\/uploads\/2024\/05\/FICHA-DE-LA-PELICULA-La-Alcaldesa.pdf\"><img loading=\"lazy\" decoding=\"async\" src=\"https:\/\/ficcionclimatica.com\/wp-content\/uploads\/2023\/02\/logo_png-150x150.png\" alt=\"\" width=\"150\" height=\"150\" \/><\/a>\u00a0 \u00a0 Ejemplo de gui\u00f3n de una pel\u00edcula<\/div>\n<p>\u00a0<\/p>\n<div><a href=\"https:\/\/ficcionclimatica.com\/wp-content\/uploads\/2023\/03\/CLI-FI-_-Workshop-Your-Film-English.pdf\"><img loading=\"lazy\" decoding=\"async\" src=\"https:\/\/ficcionclimatica.com\/wp-content\/uploads\/2023\/02\/logo_png-150x150.png\" alt=\"\" width=\"150\" height=\"150\" \/><\/a>\u00a0 \u00a0 Workshop English version<\/div>\n<p>\u00a0<\/p>\n<p>\u00a0<\/p>\n<center>\n<div style=\"width: 70%;\">\n<h2>b) TALLER DE AN\u00c1LISIS DE FICCI\u00d3N CLIM\u00c1TICA: ANALIZANDO UNA PEL\u00cdCULA<\/h2>\n<p>\u00a0<\/p>\n<p><span style=\"color: #ffffff;\"><a href=\"https:\/\/ficcionclimatica.com\/wp-content\/uploads\/2024\/06\/TALLER-ANALISIS-DE-PELICULAS-DE-FICCION-CLIMATICA.pdf\"><img loading=\"lazy\" decoding=\"async\" src=\"https:\/\/ficcionclimatica.com\/wp-content\/uploads\/2023\/02\/logo_png-150x150.png\" alt=\"\" width=\"150\" height=\"150\" \/><\/a>\u00a0 \u00a0<span style=\"color: #ffff00;\"> Taller de an\u00e1lisis de una pel\u00edcula de ficci\u00f3n clim\u00e1tica<\/span><\/span><\/p>\n<p><span style=\"color: #ffffff;\">Esta gu\u00eda ofrece una propuesta para analizar en clase una pel\u00edcula o serie de TV de tem\u00e1tica cli-fi o ficci\u00f3n clim\u00e1tica. Dado que este tipo de pel\u00edculas ofrecen especificidades tem\u00e1ticas propias de un subg\u00e9nero que crece dentro de la ciencia ficci\u00f3n, un taller de an\u00e1lisis de este tipo permite no s\u00f3lo abordar el cambio clim\u00e1tico sino tambi\u00e9n los aspectos espec\u00edficos de este subg\u00e9nero cinematogr\u00e1fico.<\/span><\/p>\n<\/div>\n<p>\u00a0<\/p>\n<\/center>\n<p>\u00a0<\/p>\n<center>\n<div style=\"width: 70%;\">\n<h2>c) TALLER DE STORYBOARDS DE FICCI\u00d3N CLIM\u00c1TICA<\/h2>\n<\/div>\n<p>\u00a0<\/p>\n<center>\n<div>\n<p><a href=\"https:\/\/ficcionclimatica.com\/wp-content\/uploads\/2024\/06\/Guia-TALLER-de-StoryBoards-WinterBicycle.pdf\"><img loading=\"lazy\" decoding=\"async\" src=\"https:\/\/ficcionclimatica.com\/wp-content\/uploads\/2023\/02\/logo_png-150x150.png\" alt=\"\" width=\"150\" height=\"150\" \/><\/a>\u00a0 \u00a0 Taller de storyboards\u00a0 para Winter Bicycle, una narrativa de ficci\u00f3n clim\u00e1tica<\/p>\n<p><span style=\"color: #ffffff;\">Este PDF explica c\u00f3mo realizar un taller de storyboards, es decir, bocetos gr\u00e1ficos para un contenido audiovisual. En este caso, estos bocetos servir\u00e1n para proponer el gui\u00f3n y los personajes de Winter Bicycle, una narrativa de ficci\u00f3n que nos introduce en los impactos del cambio clim\u00e1tico.<\/span><\/p>\n<\/div>\n<p>\u00a0<\/p>\n<\/center><\/center><\/center><\/div>\n<\/center><center>\n<div style=\"width: 70%;\"><center style=\"color: yellow;\"><center>\n<div style=\"width: 70%;\"><hr \/>\n<h4 style=\"text-align: justify;\">\u00a0<\/h4>\n<h4 style=\"text-align: justify;\"><strong>Estos materiales buscan generar un espacio educativo y propositivo sobre el cambio clim\u00e1tico a trav\u00e9s del dise\u00f1o de una pel\u00edcula dentro del subg\u00e9nero de la ficci\u00f3n clim\u00e1tica o <em>cli-fi<\/em>. <\/strong><\/h4>\n<h4 style=\"text-align: justify;\"><strong>El proyecto pone en valor la ficci\u00f3n y su capacidad creativa para la anticipaci\u00f3n clim\u00e1tica. As\u00ed, el proceso de creaci\u00f3n de estos contenidos culturales facilita el debate y un aprendizaje de tipo inmersivo acerca de los escenarios que el Panel Intergubernamental sobre Cambio Clim\u00e1tico (IPCC) ha ido proyectando en sus \u00faltimos informes anuales sobre este fen\u00f3meno. <\/strong><\/h4>\n<h4 style=\"text-align: justify;\"><strong>Este ser\u00eda un listado de los impactos espec\u00edficos que pretende lograr el taller de ficci\u00f3n clim\u00e1tica: <\/strong><\/h4>\n<h4 style=\"text-align: justify;\"><span style=\"color: #ffcc00;\"><strong>1. Aumentar la sensibilizaci\u00f3n sobre el cambio clim\u00e1tico, dando a conocer los posibles escenarios que el Panel Intergubernamental sobre Cambio Clim\u00e1tico (IPCC) proyecta. <\/strong><\/span><\/h4>\n<h4 style=\"text-align: justify;\"><span style=\"color: #ffcc00;\"><strong>2. Potenciar el subg\u00e9nero de la ficci\u00f3n clim\u00e1tica como tem\u00e1tica de inter\u00e9s cinematogr\u00e1fico. <\/strong><\/span><\/h4>\n<h4 style=\"text-align: justify;\"><span style=\"color: #ffcc00;\"><strong>3. Potenciar actividades de orientaci\u00f3n laboral y profesional en el \u00e1mbito del cine de ficci\u00f3n.<\/strong><\/span><\/h4>\n<h4 style=\"text-align: justify;\"><span style=\"color: #ffcc00;\"><strong>4. Generar y depurar materiales did\u00e1cticos espec\u00edficos para trabajar el cambio clim\u00e1tico de forma creativa y propositiva en el aula.<\/strong><\/span><\/h4>\n<h4 style=\"text-align: justify;\"><strong><span style=\"color: #ffcc00;\">5. Intercambiar recursos y experiencias docentes entre el profesorado para tratar la comunicaci\u00f3n medioambiental en el aula.<\/span><\/strong><\/h4>\n<\/div>\n<p>\u00a0<\/p>\n<\/center><center>\n<p>\u00a0<\/p>\n<h4>\u00a0<\/h4>\n<h3>Algunos talleres de ficci\u00f3n clim\u00e1tica realizados en el proyecto:<\/h3>\n<h4 style=\"width: 80%; text-align: justify;\"><span style=\"color: #ffcc00;\">Taller de contrapublicidad y ficci\u00f3n clim\u00e1tica 12-14 de julio de 2022, Oviedo Encuentro ALCESXXI<\/span>. Participantes: profesorado de lengua espa\u00f1ola en EEUU, artistas y profesionales del mundo de la comunicaci\u00f3n audiovisual. Metodolog\u00eda: Se utiliz\u00f3 la t\u00e9cnica de creatividad relacional para potenciar las narrativas resultantes.<\/h4>\n<h4 style=\"width: 80%; text-align: justify;\"><span style=\"color: #ffcc00;\">Taller de activismo digital y ficci\u00f3n clim\u00e1tica. Cursos de verano de la UCM<\/span>, Facultad de CC de la Informaci\u00f3n, Madrid, 18 y 19 de Julio de 2022. Participantes: J\u00f3venes estudiantes de M\u00e9xico y Colombia, graduados en marketing, publicidad y periodismo. Metodolog\u00eda: Se utilizaron las fichas-cartas, tanto las de Impactos como las de Adaptaci\u00f3n. Se hizo Batalla de Taglines.<\/h4>\n<h4 style=\"width: 80%; text-align: justify;\"><span style=\"color: #ffcc00;\">Taller de comunicaci\u00f3n social y ficci\u00f3n clim\u00e1tica. Cursos de verano de la Universidad del Pa\u00eds Vasco<\/span>. Organizado por Mugarik Gabe. San Sebastian, 27 de Julio de 2022. Participantes: Activistas en movimientos sociales y ciudadan\u00eda de Donostia con cierta sensibilizaci\u00f3n por tem\u00e1ticas sociales y medioambientales. Metodolog\u00eda: Se utilizaron las fichas-cartas, tanto las de Impactos como las de Adaptaci\u00f3n. Se hizo Batalla de Taglines.<\/h4>\n<h4 style=\"width: 80%; text-align: justify;\"><span style=\"color: #ffcc00;\">Taller de Ficci\u00f3n Clim\u00e1tica en M\u00e1ster de Comunicaci\u00f3n Audiovisual de la Universidad Complutense de Madrid.<\/span> Noviembre de 2022. El taller es parte de la asignatura \u201cMetodolog\u00edas de la Investigaci\u00f3n en Comunicaci\u00f3n\u201d y muestra estrategias alternativas, m\u00e1s creativas para la investigaci\u00f3n sobre un tema espec\u00edfico como el cambio clim\u00e1tico y el audiovisual. Metodolog\u00eda: Se utilizaron las fichas-cartas, tanto las de Impactos como las de Adaptaci\u00f3n. Se hizo Batalla de Taglines<\/h4>\n<h4 style=\"width: 80%; text-align: justify;\"><span style=\"color: #ffcc00;\">Cli-Fi WorkShop for european young people (English)<\/span>. Write a screenplay for a climatic fiction film. Held by videoconference in March 2023. Aimed at young Europeans. Organized by CAN Europe. Methodology: Both the Impact and Adaptation cards were used. Tagline Battle was carried out.<\/h4>\n<h4 style=\"width: 80%; text-align: justify;\"><span style=\"color: #ffcc00;\">Taller de Storyboards de Ficci\u00f3n Clim\u00e1tica en Grado de Publicidad de la Universidad Complutense de Madrid.<\/span> Marzo de 2023. El taller es parte de la asignatura \u201cProcesos de Creaci\u00f3n Publicitaria\u201d y muestra estrategias para terminar de construir una narrativa cli-fi y dise\u00f1ar un storyboard a partir del gui\u00f3n de Winter Bicycle<\/h4>\n<h4 style=\"width: 80%; text-align: justify;\"><span style=\"color: #ffcc00;\">Taller de Creaci\u00f3n de Personajes de Ficci\u00f3n Clim\u00e1tica en M\u00e1ster de Direcci\u00f3n de Arte en Voxel School.<\/span> Abril de 2023. El taller se basa en el desarrollo de animaci\u00f3n 2d e interacciones con ActionScript 3.0 utilizando el programa Adobe Animate. Se trabaja a partir del dise\u00f1o de un nuevo personaje de la trama Winter Bicycle utilizando una Model Sheet.<\/h4>\n<h4 style=\"width: 80%; text-align: justify;\"><span style=\"color: #ffcc00;\">Cli-Fi WorkShop for european young people (English)<\/span>. Write a screenplay for a climatic fiction film. Held by videoconference in July 2023. Aimed at young Europeans. Organized by CAN Europe. Methodology: Both the Impact and Adaptation cards were used. Cli Fi Poster Generator was carried out.<\/h4>\n<h4 style=\"width: 80%; text-align: justify;\"><span style=\"color: #ffcc00;\">Taller de Ficci\u00f3n Clim\u00e1tica con P\u00f3ster Generator en UCM.<\/span>\u00a0Octubre\u00a0de 2023. El taller consiste en la creaci\u00f3n del gui\u00f3n resumido y el cartel de una pel\u00edcula Cli-Fi. Para ello se utiliz\u00f3, adem\u00e1s de las fichas de impactos al cambio clim\u00e1tico, la aplicaci\u00f3n Cli Fi Poster Generator.<\/h4>\n<h4 style=\"width: 80%; text-align: justify;\"><span style=\"color: #ffcc00;\">Taller de Ficci\u00f3n Clim\u00e1tica en la Universidad de Deusto.<\/span>\u00a030 abril\u00a0de 2024. El taller consiste en la creaci\u00f3n del gui\u00f3n resumido y el cartel de una pel\u00edcula Cli-Fi. Para ello se utiliz\u00f3, adem\u00e1s de las Tarjetas de impactos al cambio clim\u00e1tico, la aplicaci\u00f3n Cli Fi Poster Generator.<\/h4>\n<div>\u00a0<\/div>\n<div>\n<h3><span style=\"color: #ffcc00;\">Otras participaciones del proyecto:<\/span><\/h3>\n<h4 style=\"width: 959.35px; text-align: justify;\"><span style=\"color: #ffffff;\">&#8211; Mesa de experiencias en metodolog\u00edas participativas en la docencia de sociolog\u00eda y comunicaci\u00f3n, organizada por el\u00a0proyecto de innovaci\u00f3n docente de la UCM \u00ab<a style=\"font-family: var( --e-global-typography-text-font-family ), Sans-serif; background-color: #181818; font-size: 16px; color: #ffffff;\" href=\"https:\/\/www.ucm.es\/sociologiaapie\/\" target=\"_blank\" rel=\"noopener noreferrer\" data-saferedirecturl=\"https:\/\/www.google.com\/url?q=https:\/\/www.ucm.es\/sociologiaapie\/&amp;source=gmail&amp;ust=1709247462628000&amp;usg=AOvVaw1xzum1RxX3o8DotFgHs_In\">Sociolog\u00eda a pie\u00bb.<\/a>28 de febrero de 2024<\/span><\/h4>\n<\/div>\n<hr \/>\n<div>\u00a0<\/div>\n<p>\u00a0<\/p>\n<\/center><\/center><\/div>\n<\/center>\t\t\t\t\t\t<\/div>\n\t\t\t\t<\/div>\n\t\t\t\t\t<\/div>\n\t\t<\/div>\n\t\t\t\t\t\t\t<\/div>\n\t\t<\/section>\n\t\t\t\t<section class=\"elementor-section elementor-top-section elementor-element elementor-element-7ce9720 elementor-section-boxed elementor-section-height-default elementor-section-height-default\" data-id=\"7ce9720\" data-element_type=\"section\">\n\t\t\t\t\t\t<div class=\"elementor-container elementor-column-gap-default\">\n\t\t\t\t\t<div class=\"elementor-column elementor-col-100 elementor-top-column elementor-element elementor-element-0348a32\" data-id=\"0348a32\" data-element_type=\"column\">\n\t\t\t<div class=\"elementor-widget-wrap elementor-element-populated\">\n\t\t\t\t\t\t\t\t<div class=\"elementor-element elementor-element-109f48d elementor-widget elementor-widget-text-editor\" data-id=\"109f48d\" data-element_type=\"widget\" data-widget_type=\"text-editor.default\">\n\t\t\t\t<div class=\"elementor-widget-container\">\n\t\t\t\t\t\t\t<p style=\"text-align: center;\"><span style=\"color: #cccccc;\">Proyecto Innova-Docencia 2022-2023 n.\u00ba 330 de la Universidad Complutense de Madrid:<\/span><br \/><span style=\"color: #cccccc;\">\u201cLa ficci\u00f3n clim\u00e1tica como recurso educativo en comunicaci\u00f3n audiovisual y publicidad\u201d.<\/span><\/p>\t\t\t\t\t\t<\/div>\n\t\t\t\t<\/div>\n\t\t\t\t\t<\/div>\n\t\t<\/div>\n\t\t\t\t\t\t\t<\/div>\n\t\t<\/section>\n\t\t\t\t\t\t<\/div>\n\t\t\t\t\t<\/div>\n\t\t","protected":false},"excerpt":{"rendered":"<p>\u00a0 LA PEL\u00cdCULA |\u00a0 NOVELA GR\u00c1FICA\u00a0 |\u00a0 VIDEOJUEGO\u00a0 |\u00a0 \u00a0PROYECTO EDUCATIVO\u00a0 |\u00a0 ANTICIPACI\u00d3N CLIM\u00c1TICA |\u00a0&#8230;<\/p>\n","protected":false},"author":1,"featured_media":0,"parent":0,"menu_order":0,"comment_status":"closed","ping_status":"closed","template":"elementor_canvas","meta":{"footnotes":""},"class_list":["post-411","page","type-page","status-publish","hentry"],"_links":{"self":[{"href":"https:\/\/ficcionclimatica.com\/index.php?rest_route=\/wp\/v2\/pages\/411","targetHints":{"allow":["GET"]}}],"collection":[{"href":"https:\/\/ficcionclimatica.com\/index.php?rest_route=\/wp\/v2\/pages"}],"about":[{"href":"https:\/\/ficcionclimatica.com\/index.php?rest_route=\/wp\/v2\/types\/page"}],"author":[{"embeddable":true,"href":"https:\/\/ficcionclimatica.com\/index.php?rest_route=\/wp\/v2\/users\/1"}],"replies":[{"embeddable":true,"href":"https:\/\/ficcionclimatica.com\/index.php?rest_route=%2Fwp%2Fv2%2Fcomments&post=411"}],"version-history":[{"count":136,"href":"https:\/\/ficcionclimatica.com\/index.php?rest_route=\/wp\/v2\/pages\/411\/revisions"}],"predecessor-version":[{"id":1498,"href":"https:\/\/ficcionclimatica.com\/index.php?rest_route=\/wp\/v2\/pages\/411\/revisions\/1498"}],"wp:attachment":[{"href":"https:\/\/ficcionclimatica.com\/index.php?rest_route=%2Fwp%2Fv2%2Fmedia&parent=411"}],"curies":[{"name":"wp","href":"https:\/\/api.w.org\/{rel}","templated":true}]}}